e prime factors of 1436466.
2, 3, 17, 14083
What are the prime factors of 254729?
254729
List the prime factors of 1487956.
2, 397, 937
What are the prime factors of 524439?
3, 58271
What are the prime factors of 907759?
907759
List the prime factors of 10755060.
2, 3, 5, 79, 2269
What are the prime factors of 3050628?
2, 3, 7, 23, 1579
List the prime factors of 1537147.
1537147
List the prime factors of 826190.
2, 5, 82619
List the prime factors of 35541.
3, 11, 359
What are the prime factors of 696286?
2, 17, 20479
What are the prime factors of 2453587?
571, 4297
List the prime factors of 7326841.
7326841
List the prime factors of 1274259.
3, 7, 60679
List the prime factors of 33954737.
29, 1170853
What are the prime factors of 1771601?
13, 136277
What are the prime factors of 1337140?
2, 5, 7, 9551
List the prime factors of 1393536.
2, 3, 19, 191
What are the prime factors of 1265066?
2, 11, 57503
What are the prime factors of 4553037?
3, 168631
What are the prime factors of 186479?
186479
What are the prime factors of 596052?
2, 3, 5519
List the prime factors of 8627907.
3, 43, 66883
What are the prime factors of 357255?
3, 5, 17, 467
What are the prime factors of 646455?
3, 5, 71, 607
What are the prime factors of 286329?
3, 95443
List the prime factors of 1065741.
3, 103, 3449
What are the prime factors of 429854?
2, 197, 1091
List the prime factors of 458321.
23, 19927
List the prime factors of 235474.
2, 23, 5119
What are the prime factors of 4750054?
2, 127, 18701
List the prime factors of 4909044.
2, 3, 7, 58441
List the prime factors of 7808900.
2, 5, 11, 31, 229
What are the prime factors of 439274?
2, 11, 41, 487
List the prime factors of 3651998.
2, 7, 260857
What are the prime factors of 10662?
2, 3, 1777
What are the prime factors of 47812?
2, 11953
List the prime factors of 561539.
11, 71, 719
What are the prime factors of 1346664?
2, 3, 11, 5101
What are the prime factors of 1251535?
5, 250307
List the prime factors of 110645.
5, 22129
What are the prime factors of 330052?
2, 109, 757
List the prime factors of 2819055.
3, 5, 71, 2647
List the prime factors of 941523.
3, 11, 103, 277
List the prime factors of 10989284.
2, 2747321
List the prime factors of 7728895.
5, 1545779
List the prime factors of 15916621.
7, 23, 29, 487
What are the prime factors of 40343?
40343
What are the prime factors of 3211728?
2, 3, 13, 5147
List the prime factors of 663533.
13, 43, 1187
What are the prime factors of 2368241?
23, 102967
What are the prime factors of 253145?
5, 197, 257
What are the prime factors of 3114844?
2, 23, 33857
What are the prime factors of 6054255?
3, 5, 19, 73, 97
List the prime factors of 253411.
211, 1201
What are the prime factors of 295415?
5, 59083
What are the prime factors of 2005370?
2, 5, 23, 8719
List the prime factors of 1898579.
43, 67, 659
What are the prime factors of 6559704?
2, 3, 53, 191
What are the prime factors of 835197?
3, 11, 25309
What are the prime factors of 3855894?
2, 3, 7, 91807
List the prime factors of 1065095.
5, 213019
What are the prime factors of 10652823?
3, 394549
What are the prime factors of 6675903?
3, 13, 57059
List the prime factors of 573663.
3, 43, 4447
List the prime factors of 46660.
2, 5, 2333
What are the prime factors of 338879?
349, 971
List the prime factors of 350294.
2, 7, 131, 191
What are the prime factors of 691564?
2, 23, 7517
What are the prime factors of 960801?
3, 320267
What are the prime factors of 843917?
433, 1949
List the prime factors of 933424.
2, 227, 257
What are the prime factors of 3359853?
3, 7, 29, 613
What are the prime factors of 373513?
7, 53359
List the prime factors of 241070.
2, 5, 24107
List the prime factors of 5333928.
2, 3, 222247
List the prime factors of 30421807.
13, 37, 63247
List the prime factors of 5156388.
2, 3, 43, 3331
What are the prime factors of 267542?
2, 11, 12161
List the prime factors of 7400188.
2, 71, 367
List the prime factors of 3910188.
2, 3, 325849
What are the prime factors of 27963940?
2, 5, 1398197
What are the prime factors of 439608?
2, 3, 13, 1409
What are the prime factors of 14735733?
3, 797, 6163
List the prime factors of 279400.
2, 5, 11, 127
List the prime factors of 28414.
2, 14207
List the prime factors of 7037678.
2, 23, 152993
List the prime factors of 938479.
293, 3203
What are the prime factors of 766316?
2, 191579
List the prime factors of 10752505.
5, 31, 69371
List the prime factors of 503298.
2, 3, 27961
What are the prime factors of 23415089?
641, 36529
List the prime factors of 21787953.
3, 11, 660241
List the prime factors of 2968281.
3, 31, 10639
List the prime factors of 5598626.
2, 11, 173, 1471
What are the prime factors of 198071?
41, 4831
What are the prime factors of 21269542?
2, 7, 1519253
What are the prime factors of 199675?
5, 7, 163
What are the prime factors of 2590605?
3, 5, 23, 2503
List the prime factors of 45708.
2, 3, 13, 293
What are the prime factors of 1387355?
5, 293, 947
What are the prime factors of 288139?
467, 617
List the prime factors of 2819517.
3, 939839
List the prime factors of 2993253.
3, 997751
List the prime factors of 236214.
2, 3, 11, 1193
List the prime factors of 122148.
2, 3, 13, 29
What are the prime factors of 1568916?
2, 3, 73, 199
What are the prime factors of 23846593?
23846593
What are the prime factors of 2959?
11, 269
List the prime factors of 1153657.
23, 50159
What are the prime factors of 1540551?
3, 53, 9689
List the prime factors of 11309700.
2, 3, 5, 37699
List the prime factors of 17403277.
29, 439, 1367
List the prime factors of 613264.
2, 38329
What are the prime factors of 27033?
3, 9011
List the prime factors of 177835.
5, 7, 5081
What are the prime factors of 531404?
2, 132851
What are the prime factors of 416857?
7, 17, 31, 113
List the prime factors of 4111323.
3, 1039, 1319
List the prime factors of 3854240.
2, 5, 13, 17, 109
What are the prime factors of 287716?
2, 11, 13, 503
List the prime factors of 383332.
2, 47, 2039
What are the prime factors of 211100?
2, 5, 2111
List the prime factors of 229445.
5, 109, 421
List the prime factors of 88290.
2, 3, 5, 109
What are the prime factors of 1220530?
2, 5, 122053
What are the prime factors of 957819?
3, 37, 8629
List the prime factors of 8202390.
2, 3, 5, 7, 139, 281
List the prime factors of 17515.
5, 31, 113
What are the prime factors of 1432705?
5, 286541
What are the prime factors of 549987?
3, 183329
What are the prime factors of 50989?
50989
List the prime factors of 1497084.
2, 3, 73, 1709
What are the prime factors of 7057960?
2, 5, 7, 13, 277
What are the prime factors of 1977982?
2, 941, 1051
What are the prime factors of 1121362?
2, 11, 50971
What are the prime factors of 168931?
7, 24133
List the prime factors of 866580.
2, 3, 5, 11, 13, 101
List the prime factors of 359169.
3, 119723
What are the prime factors of 37700462?
2, 18850231
What are the prime factors of 146027?
7, 23, 907
What are the prime factors of 199037?
199037
What are the prime factors of 214165?
5, 7, 29, 211
List the prime factors of 1375686.
2, 3, 13, 5879
What are the prime factors of 455630?
2, 5, 7, 23, 283
List the prime factors of 12660286.
2, 6330143
List the prime factors of 9590986.
2, 53, 90481
What are the prime factors of 21993?
3, 7331
List the prime factors of 242661.
3, 47, 1721
List the prime factors of 8267296.
2, 258353
List the prime factors of 575672.
2, 227, 317
What are the prime factors of 4060223?
607, 6689
What are the prime factors of 748728?
2, 3, 10399
List the prime factors of 24018838.
2, 12009419
What are the prime factors of 282461?
282461
List the prime factors of 872444.
2, 218111
What are the prime factors of 52462?
2, 17, 1543
What are the prime factors of 713072?
2, 41, 1087
What are the prime factors of 10278246?
2, 3, 11, 155731
List the prime factors of 500260.
2, 5, 25013
What are the prime factors of 371511?
3, 7, 5897
List the prime factors of 1991010.
2, 3, 5, 7, 19, 499
List the prime factors of 786854.
2, 397, 991
What are the prime factors of 7321245?
3, 5, 23, 21221
What are the prime factors of 432016?
2, 13, 31, 67
What are the prime factors of 39643?
29, 1367
List the prime factors of 1180718.
2, 7, 11, 17, 41
What are the prime factors of 24497